{"id":1759,"date":"2025-01-12T14:39:33","date_gmt":"2025-01-12T17:39:33","guid":{"rendered":"https:\/\/tcharge.com.br\/loja\/?post_type=product&#038;p=1759"},"modified":"2025-03-23T15:43:27","modified_gmt":"2025-03-23T18:43:27","slug":"rise-black-74-kw","status":"publish","type":"product","link":"https:\/\/tcharge.com.br\/loja\/produto\/rise-black-74-kw\/","title":{"rendered":"Carregador AC Rise Black 7,4 Kw"},"content":{"rendered":"","protected":false},"excerpt":{"rendered":"<p>Carregador RISEON para ve\u00edculos el\u00e9tricos \u2013 AC 7kW\/220V<\/p>\n<p>1 Conector tipo 2<\/p>\n<p>Pre\u00e7os mais acess\u00edveis e ideal para locais nos quais o cliente passe algumas horas (ex.: pousadas, hot\u00e9is, etc)<\/p>\n<p>&nbsp;<\/p>\n","protected":false},"featured_media":1760,"template":"","meta":[],"product_cat":[78],"product_tag":[89,86,82],"class_list":{"0":"post-1759","1":"product","2":"type-product","3":"status-publish","4":"has-post-thumbnail","6":"product_cat-riseon","7":"product_tag-7kw","8":"product_tag-carregador-ac","9":"product_tag-carregador-carro-eletrico","11":"first","12":"instock","13":"shipping-taxable","14":"product-type-external"},"_links":{"self":[{"href":"https:\/\/tcharge.com.br\/loja\/wp-json\/wp\/v2\/product\/1759","targetHints":{"allow":["GET"]}}],"collection":[{"href":"https:\/\/tcharge.com.br\/loja\/wp-json\/wp\/v2\/product"}],"about":[{"href":"https:\/\/tcharge.com.br\/loja\/wp-json\/wp\/v2\/types\/product"}],"wp:featuredmedia":[{"embeddable":true,"href":"https:\/\/tcharge.com.br\/loja\/wp-json\/wp\/v2\/media\/1760"}],"wp:attachment":[{"href":"https:\/\/tcharge.com.br\/loja\/wp-json\/wp\/v2\/media?parent=1759"}],"wp:term":[{"taxonomy":"product_cat","embeddable":true,"href":"https:\/\/tcharge.com.br\/loja\/wp-json\/wp\/v2\/product_cat?post=1759"},{"taxonomy":"product_tag","embeddable":true,"href":"https:\/\/tcharge.com.br\/loja\/wp-json\/wp\/v2\/product_tag?post=1759"}],"curies":[{"name":"wp","href":"https:\/\/api.w.org\/{rel}","templated":true}]}}

<p>Carregador RISEON para veículos elétricos – AC 7kW/220V</p>
<p>1 Conector tipo 2</p>
<p>Preços mais acessíveis e ideal para locais nos quais o cliente passe algumas horas (ex.: pousadas, hotéis, etc)</p>
<p>&nbsp;</p>
